{"id":568,"date":"2024-07-22T19:24:18","date_gmt":"2024-07-22T19:24:18","guid":{"rendered":"https:\/\/hotellagotours.com.co\/2024\/?page_id=568"},"modified":"2024-07-22T22:25:51","modified_gmt":"2024-07-22T22:25:51","slug":"alojamiento","status":"publish","type":"page","link":"https:\/\/hotellagotours.com.co\/2024\/alojamiento\/","title":{"rendered":"ALOJAMIENTO"},"content":{"rendered":"\t\t<div data-elementor-type=\"wp-page\" data-elementor-id=\"568\" class=\"elementor elementor-568\" data-elementor-post-type=\"page\">\n\t\t\t\t<div class=\"elementor-element elementor-element-6408dad e-con-full e-flex elementor-invisible e-con e-parent\" data-id=\"6408dad\" data-element_type=\"container\" data-settings=\"{&quot;background_background&quot;:&quot;classic&quot;,&quot;animation&quot;:&quot;fadeIn&quot;}\">\n\t\t<div class=\"elementor-element elementor-element-12572c6 e-flex e-con-boxed e-con e-child\" data-id=\"12572c6\" data-element_type=\"container\">\n\t\t\t\t\t<div class=\"e-con-inner\">\n\t\t\t\t<div class=\"elementor-element elementor-element-d80c20f elementor-invisible elementor-widget elementor-widget-heading\" data-id=\"d80c20f\" data-element_type=\"widget\" data-settings=\"{&quot;_animation&quot;:&quot;fadeInUp&quot;}\" data-widget_type=\"heading.default\">\n\t\t\t\t<div class=\"elementor-widget-container\">\n\t\t\t<style>\/*! elementor - v3.23.0 - 25-07-2024 *\/\n.elementor-heading-title{padding:0;margin:0;line-height:1}.elementor-widget-heading .elementor-heading-title[class*=elementor-size-]>a{color:inherit;font-size:inherit;line-height:inherit}.elementor-widget-heading .elementor-heading-title.elementor-size-small{font-size:15px}.elementor-widget-heading .elementor-heading-title.elementor-size-medium{font-size:19px}.elementor-widget-heading .elementor-heading-title.elementor-size-large{font-size:29px}.elementor-widget-heading .elementor-heading-title.elementor-size-xl{font-size:39px}.elementor-widget-heading .elementor-heading-title.elementor-size-xxl{font-size:59px}<\/style><h1 class=\"elementor-heading-title elementor-size-default\">Conoce nuestros planes de<\/h1>\t\t<\/div>\n\t\t\t\t<\/div>\n\t\t\t\t<div class=\"elementor-element elementor-element-b6a6b0f elementor-invisible elementor-widget elementor-widget-heading\" data-id=\"b6a6b0f\" data-element_type=\"widget\" data-settings=\"{&quot;_animation&quot;:&quot;fadeInUp&quot;}\" data-widget_type=\"heading.default\">\n\t\t\t\t<div class=\"elementor-widget-container\">\n\t\t\t<h1 class=\"elementor-heading-title elementor-size-default\">Alojamiento<\/h1>\t\t<\/div>\n\t\t\t\t<\/div>\n\t\t\t\t\t<\/div>\n\t\t\t\t<\/div>\n\t\t\t\t<\/div>\n\t\t<div class=\"elementor-element elementor-element-c754f43 e-con-full e-flex e-con e-parent\" data-id=\"c754f43\" data-element_type=\"container\">\n\t\t<div class=\"elementor-element elementor-element-6eaf8f8 e-con-full e-flex elementor-invisible e-con e-child\" data-id=\"6eaf8f8\" data-element_type=\"container\" data-settings=\"{&quot;background_background&quot;:&quot;classic&quot;,&quot;position&quot;:&quot;absolute&quot;,&quot;animation&quot;:&quot;fadeInLeft&quot;}\">\n\t\t\t\t<\/div>\n\t\t<div class=\"elementor-element elementor-element-de3e10e e-flex e-con-boxed elementor-invisible e-con e-child\" data-id=\"de3e10e\" data-element_type=\"container\" data-settings=\"{&quot;animation&quot;:&quot;fadeInRight&quot;}\">\n\t\t\t\t\t<div class=\"e-con-inner\">\n\t\t<div class=\"elementor-element elementor-element-ce3a6ef e-con-full e-flex e-con e-child\" data-id=\"ce3a6ef\" data-element_type=\"container\">\n\t\t\t\t<\/div>\n\t\t<div class=\"elementor-element elementor-element-ad38a57 e-con-full e-flex e-con e-child\" data-id=\"ad38a57\" data-element_type=\"container\" data-settings=\"{&quot;background_background&quot;:&quot;classic&quot;}\">\n\t\t\t\t<div class=\"elementor-element elementor-element-de535f7 elementor-widget elementor-widget-heading\" data-id=\"de535f7\" data-element_type=\"widget\" data-widget_type=\"heading.default\">\n\t\t\t\t<div class=\"elementor-widget-container\">\n\t\t\t<h2 class=\"elementor-heading-title elementor-size-default\">Plan<\/h2>\t\t<\/div>\n\t\t\t\t<\/div>\n\t\t\t\t<div class=\"elementor-element elementor-element-173ebec elementor-widget elementor-widget-heading\" data-id=\"173ebec\" data-element_type=\"widget\" data-widget_type=\"heading.default\">\n\t\t\t\t<div class=\"elementor-widget-container\">\n\t\t\t<h2 class=\"elementor-heading-title elementor-size-default\">Americano<\/h2>\t\t<\/div>\n\t\t\t\t<\/div>\n\t\t<div class=\"elementor-element elementor-element-8b2b4a8 e-con-full e-flex e-con e-child\" data-id=\"8b2b4a8\" data-element_type=\"container\">\n\t\t\t\t<div class=\"elementor-element elementor-element-e793b8f elementor-widget elementor-widget-image\" data-id=\"e793b8f\" data-element_type=\"widget\" data-widget_type=\"image.default\">\n\t\t\t\t<div class=\"elementor-widget-container\">\n\t\t\t\t\t\t\t\t\t\t\t\t\t<img decoding=\"async\" src=\"https:\/\/hotellagotours.com.co\/2024\/wp-content\/uploads\/elementor\/thumbs\/ante_texto-qrb0dwf4mxo65ys0irtts22j10kfviue64exsu95f8.png\" title=\"ante_texto\" alt=\"ante_texto\" loading=\"lazy\" \/>\t\t\t\t\t\t\t\t\t\t\t\t\t<\/div>\n\t\t\t\t<\/div>\n\t\t\t\t<div class=\"elementor-element elementor-element-a37ebb9 elementor-widget elementor-widget-text-editor\" data-id=\"a37ebb9\" data-element_type=\"widget\" data-widget_type=\"text-editor.default\">\n\t\t\t\t<div class=\"elementor-widget-container\">\n\t\t\t<style>\/*! elementor - v3.23.0 - 25-07-2024 *\/\n.elementor-widget-text-editor.elementor-drop-cap-view-stacked .elementor-drop-cap{background-color:#69727d;color:#fff}.elementor-widget-text-editor.elementor-drop-cap-view-framed .elementor-drop-cap{color:#69727d;border:3px solid;background-color:transparent}.elementor-widget-text-editor:not(.elementor-drop-cap-view-default) .elementor-drop-cap{margin-top:8px}.elementor-widget-text-editor:not(.elementor-drop-cap-view-default) .elementor-drop-cap-letter{width:1em;height:1em}.elementor-widget-text-editor .elementor-drop-cap{float:left;text-align:center;line-height:1;font-size:50px}.elementor-widget-text-editor .elementor-drop-cap-letter{display:inline-block}<\/style>\t\t\t\t<p>\u00a1Ven y disfruta de nuestro completo Plan Americano en el Hotel Lagotours!<br \/>Se ingresa con cena, al d\u00eda siguiente desayuno y almuerzo.<\/p>\t\t\t\t\t\t<\/div>\n\t\t\t\t<\/div>\n\t\t\t\t<\/div>\n\t\t<div class=\"elementor-element elementor-element-182f230 e-con-full e-flex e-con e-child\" data-id=\"182f230\" data-element_type=\"container\">\n\t\t\t\t<div class=\"elementor-element elementor-element-fd7d792 elementor-align-left elementor-widget__width-auto elementor-widget elementor-widget-button\" data-id=\"fd7d792\" data-element_type=\"widget\" data-widget_type=\"button.default\">\n\t\t\t\t<div class=\"elementor-widget-container\">\n\t\t\t\t\t<div class=\"elementor-button-wrapper\">\n\t\t\t<a class=\"elementor-button elementor-button-link elementor-size-xs elementor-animation-pulse-grow\" href=\"https:\/\/secuream.e-gds.com\/HotelLagotours\/\" target=\"_blank\" rel=\"nofollow\">\n\t\t\t\t\t\t<span class=\"elementor-button-content-wrapper\">\n\t\t\t\t\t\t\t\t\t<span class=\"elementor-button-text\">RESERVAR<\/span>\n\t\t\t\t\t<\/span>\n\t\t\t\t\t<\/a>\n\t\t<\/div>\n\t\t\t\t<\/div>\n\t\t\t\t<\/div>\n\t\t\t\t<\/div>\n\t\t\t\t<\/div>\n\t\t\t\t\t<\/div>\n\t\t\t\t<\/div>\n\t\t\t\t<\/div>\n\t\t<div class=\"elementor-element elementor-element-283a9e7 e-flex e-con-boxed e-con e-parent\" data-id=\"283a9e7\" data-element_type=\"container\">\n\t\t\t\t\t<div class=\"e-con-inner\">\n\t\t<div class=\"elementor-element elementor-element-ac6b3da e-con-full e-flex elementor-invisible e-con e-child\" data-id=\"ac6b3da\" data-element_type=\"container\" data-settings=\"{&quot;animation&quot;:&quot;fadeInUp&quot;}\">\n\t\t\t\t<div class=\"elementor-element elementor-element-7ad80d9 elementor-widget elementor-widget-text-editor\" data-id=\"7ad80d9\" data-element_type=\"widget\" data-widget_type=\"text-editor.default\">\n\t\t\t\t<div class=\"elementor-widget-container\">\n\t\t\t\t\t\t\t<p><strong>Incluye:<\/strong><\/p><ul><li>Coctel de bienvenida<\/li><li>Alimentaci\u00f3n tipo buffet con gran variedad de prote\u00ednas (incluye cena del d\u00eda de llegada, desayuno y almuerzo del d\u00eda siguiente)<\/li><li>Acceso a piscinas y toboganes<\/li><li>Lago con zona de pesca y paseos en barquitas<\/li><li>Sauna, turco y jacuzzi<\/li><li>Zona de picnic y hamacas<\/li><li>\u00c1reas deportivas<\/li><li>Juegos de mesa<\/li><li>Fonda antioque\u00f1a<\/li><li>Sendero ecol\u00f3gico<\/li><li>Seguro hotelero<\/li><\/ul>\t\t\t\t\t\t<\/div>\n\t\t\t\t<\/div>\n\t\t\t\t<div class=\"elementor-element elementor-element-419cb57 elementor-align-left elementor-widget__width-auto elementor-widget elementor-widget-button\" data-id=\"419cb57\" data-element_type=\"widget\" data-widget_type=\"button.default\">\n\t\t\t\t<div class=\"elementor-widget-container\">\n\t\t\t\t\t<div class=\"elementor-button-wrapper\">\n\t\t\t<a class=\"elementor-button elementor-button-link elementor-size-xs elementor-animation-pulse-grow\" href=\"https:\/\/secuream.e-gds.com\/HotelLagotours\/\" target=\"_blank\" rel=\"nofollow\">\n\t\t\t\t\t\t<span class=\"elementor-button-content-wrapper\">\n\t\t\t\t\t\t\t\t\t<span class=\"elementor-button-text\">RESERVAR<\/span>\n\t\t\t\t\t<\/span>\n\t\t\t\t\t<\/a>\n\t\t<\/div>\n\t\t\t\t<\/div>\n\t\t\t\t<\/div>\n\t\t\t\t<\/div>\n\t\t<div class=\"elementor-element elementor-element-57bd064 e-con-full e-flex elementor-invisible e-con e-child\" data-id=\"57bd064\" data-element_type=\"container\" data-settings=\"{&quot;animation&quot;:&quot;fadeInUp&quot;}\">\n\t\t<div class=\"elementor-element elementor-element-3c932d8 e-con-full e-flex e-con e-child\" data-id=\"3c932d8\" data-element_type=\"container\">\n\t\t\t\t<div class=\"elementor-element elementor-element-ced6598 elementor-widget elementor-widget-text-editor\" data-id=\"ced6598\" data-element_type=\"widget\" data-widget_type=\"text-editor.default\">\n\t\t\t\t<div class=\"elementor-widget-container\">\n\t\t\t\t\t\t\t<p><strong>Semana<\/strong><br \/>Adultos : 195.000<br \/>Ni\u00f1os entr\u00e9 4-11 a\u00f1os : 130.000<br \/>Con dos proteinas<\/p><p><strong>Fin de semana<\/strong><br \/>Adultos : 260.000<br \/>Ni\u00f1os entre 4-11 a\u00f1os : 160.000<\/p><p><strong>Festivos<\/strong><br \/>Adultos : 330.000<br \/>Ni\u00f1os entre 4-11 a\u00f1os : 190.000<\/p><p><strong>Horario hotelero:<\/strong><br \/>Entrada: 3PM<br \/>Salida: 1PM<br \/>Las tarifas son por persona y por noche.<\/p>\t\t\t\t\t\t<\/div>\n\t\t\t\t<\/div>\n\t\t\t\t<\/div>\n\t\t\t\t<\/div>\n\t\t\t\t\t<\/div>\n\t\t\t\t<\/div>\n\t\t<div class=\"elementor-element elementor-element-d6a8a49 e-con-full e-flex e-con e-parent\" data-id=\"d6a8a49\" data-element_type=\"container\" data-settings=\"{&quot;background_background&quot;:&quot;classic&quot;}\">\n\t\t<div class=\"elementor-element elementor-element-f809415 e-flex e-con-boxed elementor-invisible e-con e-child\" data-id=\"f809415\" data-element_type=\"container\" data-settings=\"{&quot;animation&quot;:&quot;fadeInLeft&quot;}\">\n\t\t\t\t\t<div class=\"e-con-inner\">\n\t\t<div class=\"elementor-element elementor-element-7b4138b e-con-full e-flex e-con e-child\" data-id=\"7b4138b\" data-element_type=\"container\" data-settings=\"{&quot;background_background&quot;:&quot;classic&quot;}\">\n\t\t\t\t<div class=\"elementor-element elementor-element-e1913a6 elementor-widget elementor-widget-heading\" data-id=\"e1913a6\" data-element_type=\"widget\" data-widget_type=\"heading.default\">\n\t\t\t\t<div class=\"elementor-widget-container\">\n\t\t\t<h2 class=\"elementor-heading-title elementor-size-default\">Plan<\/h2>\t\t<\/div>\n\t\t\t\t<\/div>\n\t\t\t\t<div class=\"elementor-element elementor-element-ac05cf1 elementor-widget elementor-widget-heading\" data-id=\"ac05cf1\" data-element_type=\"widget\" data-widget_type=\"heading.default\">\n\t\t\t\t<div class=\"elementor-widget-container\">\n\t\t\t<h2 class=\"elementor-heading-title elementor-size-default\">Continental<\/h2>\t\t<\/div>\n\t\t\t\t<\/div>\n\t\t<div class=\"elementor-element elementor-element-907ebd7 e-con-full e-flex e-con e-child\" data-id=\"907ebd7\" data-element_type=\"container\">\n\t\t\t\t<div class=\"elementor-element elementor-element-83b4534 elementor-widget elementor-widget-image\" data-id=\"83b4534\" data-element_type=\"widget\" data-widget_type=\"image.default\">\n\t\t\t\t<div class=\"elementor-widget-container\">\n\t\t\t\t\t\t\t\t\t\t\t\t\t<img decoding=\"async\" src=\"https:\/\/hotellagotours.com.co\/2024\/wp-content\/uploads\/elementor\/thumbs\/ante_texto-qrb0dwf4mxo65ys0irtts22j10kfviue64exsu95f8.png\" title=\"ante_texto\" alt=\"ante_texto\" loading=\"lazy\" \/>\t\t\t\t\t\t\t\t\t\t\t\t\t<\/div>\n\t\t\t\t<\/div>\n\t\t\t\t<div class=\"elementor-element elementor-element-cee98b7 elementor-widget elementor-widget-text-editor\" data-id=\"cee98b7\" data-element_type=\"widget\" data-widget_type=\"text-editor.default\">\n\t\t\t\t<div class=\"elementor-widget-container\">\n\t\t\t\t\t\t\t<p>Incluye el servicio de habitaci\u00f3n, adem\u00e1s de un desayuno en servicio de l\u00ednea tipo<br \/>buffet y seguro hotelero. Aplica solo para baja temporada.<\/p><p><strong>Tarifa<\/strong><br \/>Adultos: 178.000<br \/>Solo para personas adultas.<\/p>\t\t\t\t\t\t<\/div>\n\t\t\t\t<\/div>\n\t\t\t\t<\/div>\n\t\t\t\t<div class=\"elementor-element elementor-element-8adb308 elementor-align-left elementor-widget__width-auto elementor-widget elementor-widget-button\" data-id=\"8adb308\" data-element_type=\"widget\" data-widget_type=\"button.default\">\n\t\t\t\t<div class=\"elementor-widget-container\">\n\t\t\t\t\t<div class=\"elementor-button-wrapper\">\n\t\t\t<a class=\"elementor-button elementor-button-link elementor-size-xs elementor-animation-pulse-grow\" href=\"https:\/\/secuream.e-gds.com\/HotelLagotours\/\" target=\"_blank\" rel=\"nofollow\">\n\t\t\t\t\t\t<span class=\"elementor-button-content-wrapper\">\n\t\t\t\t\t\t\t\t\t<span class=\"elementor-button-text\">RESERVAR<\/span>\n\t\t\t\t\t<\/span>\n\t\t\t\t\t<\/a>\n\t\t<\/div>\n\t\t\t\t<\/div>\n\t\t\t\t<\/div>\n\t\t\t\t<\/div>\n\t\t<div class=\"elementor-element elementor-element-bcd57a8 e-con-full e-flex e-con e-child\" data-id=\"bcd57a8\" data-element_type=\"container\">\n\t\t\t\t<\/div>\n\t\t\t\t\t<\/div>\n\t\t\t\t<\/div>\n\t\t<div class=\"elementor-element elementor-element-730ec93 e-con-full e-flex elementor-invisible e-con e-child\" data-id=\"730ec93\" data-element_type=\"container\" data-settings=\"{&quot;background_background&quot;:&quot;classic&quot;,&quot;position&quot;:&quot;absolute&quot;,&quot;animation&quot;:&quot;fadeInRight&quot;}\">\n\t\t\t\t<\/div>\n\t\t\t\t<\/div>\n\t\t<div class=\"elementor-element elementor-element-54561a0 e-flex e-con-boxed e-con e-parent\" data-id=\"54561a0\" data-element_type=\"container\">\n\t\t\t\t\t<div class=\"e-con-inner\">\n\t\t<div class=\"elementor-element elementor-element-2c6db36 e-con-full e-flex elementor-invisible e-con e-child\" data-id=\"2c6db36\" data-element_type=\"container\" data-settings=\"{&quot;animation&quot;:&quot;fadeInUp&quot;}\">\n\t\t\t\t<div class=\"elementor-element elementor-element-c0c031a elementor-widget elementor-widget-heading\" data-id=\"c0c031a\" data-element_type=\"widget\" data-widget_type=\"heading.default\">\n\t\t\t\t<div class=\"elementor-widget-container\">\n\t\t\t<h2 class=\"elementor-heading-title elementor-size-default\">Para reservar es<\/h2>\t\t<\/div>\n\t\t\t\t<\/div>\n\t\t\t\t<div class=\"elementor-element elementor-element-027fd98 elementor-widget elementor-widget-heading\" data-id=\"027fd98\" data-element_type=\"widget\" data-widget_type=\"heading.default\">\n\t\t\t\t<div class=\"elementor-widget-container\">\n\t\t\t<h2 class=\"elementor-heading-title elementor-size-default\">Necesario:<\/h2>\t\t<\/div>\n\t\t\t\t<\/div>\n\t\t<div class=\"elementor-element elementor-element-cc7dbe0 e-con-full e-flex e-con e-child\" data-id=\"cc7dbe0\" data-element_type=\"container\">\n\t\t\t\t<div class=\"elementor-element elementor-element-e85a001 elementor-widget elementor-widget-image\" data-id=\"e85a001\" data-element_type=\"widget\" data-widget_type=\"image.default\">\n\t\t\t\t<div class=\"elementor-widget-container\">\n\t\t\t\t\t\t\t\t\t\t\t\t\t<img decoding=\"async\" src=\"https:\/\/hotellagotours.com.co\/2024\/wp-content\/uploads\/elementor\/thumbs\/ante_texto-qrb0dwf4mxo65ys0irtts22j10kfviue64exsu95f8.png\" title=\"ante_texto\" alt=\"ante_texto\" loading=\"lazy\" \/>\t\t\t\t\t\t\t\t\t\t\t\t\t<\/div>\n\t\t\t\t<\/div>\n\t\t\t\t<div class=\"elementor-element elementor-element-a1c5970 elementor-widget elementor-widget-text-editor\" data-id=\"a1c5970\" data-element_type=\"widget\" data-widget_type=\"text-editor.default\">\n\t\t\t\t<div class=\"elementor-widget-container\">\n\t\t\t\t\t\t\t<p>Deber\u00e1n presentar los documentos originales en el hotel al ingresar el d\u00eda de la reserva.<br \/><strong>NOTA:<\/strong> Debe enviar la informaci\u00f3n completa solicitada para hacer una reserva.<\/p><ul><li>Nombre completo, n\u00famero de c\u00e9dula y fecha de nacimiento.<\/li><li>\u00bfCu\u00e1ntos adultos y ni\u00f1os hay en total? (Tenga en cuenta las edades de los ni\u00f1os).<\/li><li>Fechas de entrada y salida.<\/li><li>Informaci\u00f3n del contacto:<\/li><li>Correo electr\u00f3nico.<\/li><li>Direcci\u00f3n<\/li><li>Dos n\u00fameros de tel\u00e9fono m\u00f3vil.<\/li><\/ul><p><strong>No se reciben pagos de Nequi<\/strong><\/p><p>Para garantizar su reserva, debe pagar el 50% y el resto se cancelar\u00e1 al ingresar al hotel.<\/p>\t\t\t\t\t\t<\/div>\n\t\t\t\t<\/div>\n\t\t\t\t<\/div>\n\t\t\t\t<\/div>\n\t\t<div class=\"elementor-element elementor-element-16befd5 e-con-full e-flex elementor-invisible e-con e-child\" data-id=\"16befd5\" data-element_type=\"container\" data-settings=\"{&quot;animation&quot;:&quot;fadeInUp&quot;,&quot;background_background&quot;:&quot;classic&quot;}\">\n\t\t<div class=\"elementor-element elementor-element-bab39b7 e-con-full e-flex e-con e-child\" data-id=\"bab39b7\" data-element_type=\"container\">\n\t\t\t\t<div class=\"elementor-element elementor-element-bad35c2 elementor-widget elementor-widget-heading\" data-id=\"bad35c2\" data-element_type=\"widget\" data-widget_type=\"heading.default\">\n\t\t\t\t<div class=\"elementor-widget-container\">\n\t\t\t<h2 class=\"elementor-heading-title elementor-size-default\">Contactos para reservas<\/h2>\t\t<\/div>\n\t\t\t\t<\/div>\n\t\t\t\t<div class=\"elementor-element elementor-element-75911fb elementor-widget elementor-widget-text-editor\" data-id=\"75911fb\" data-element_type=\"widget\" data-widget_type=\"text-editor.default\">\n\t\t\t\t<div class=\"elementor-widget-container\">\n\t\t\t\t\t\t\t<p><strong>Reservas e informaci\u00f3n de d\u00edas de sol:<\/strong><br \/>Cel y whatsapp: +57 310 7572476<br \/>Cel y whatsapp: +57 314 793 7683<br \/>Cel San Jeronimo: +57 322 515 4571<\/p><p><strong>Reservas e informaci\u00f3n de d\u00edas de sol con trasporte incluido:<\/strong><br \/>Cel y whatsapp: +57 305 4027857<\/p>\t\t\t\t\t\t<\/div>\n\t\t\t\t<\/div>\n\t\t\t\t<div class=\"elementor-element elementor-element-1190132 elementor-align-left elementor-widget__width-auto elementor-widget elementor-widget-button\" data-id=\"1190132\" data-element_type=\"widget\" data-widget_type=\"button.default\">\n\t\t\t\t<div class=\"elementor-widget-container\">\n\t\t\t\t\t<div class=\"elementor-button-wrapper\">\n\t\t\t<a class=\"elementor-button elementor-button-link elementor-size-xs elementor-animation-pulse-grow\" href=\"https:\/\/secuream.e-gds.com\/HotelLagotours\/\" target=\"_blank\" rel=\"nofollow\">\n\t\t\t\t\t\t<span class=\"elementor-button-content-wrapper\">\n\t\t\t\t\t\t\t\t\t<span class=\"elementor-button-text\">RESERVAR<\/span>\n\t\t\t\t\t<\/span>\n\t\t\t\t\t<\/a>\n\t\t<\/div>\n\t\t\t\t<\/div>\n\t\t\t\t<\/div>\n\t\t\t\t<\/div>\n\t\t\t\t<\/div>\n\t\t\t\t\t<\/div>\n\t\t\t\t<\/div>\n\t\t<div class=\"elementor-element elementor-element-1bf571b e-con-full e-flex elementor-invisible e-con e-parent\" data-id=\"1bf571b\" data-element_type=\"container\" data-settings=\"{&quot;background_background&quot;:&quot;classic&quot;,&quot;animation&quot;:&quot;fadeInUp&quot;}\">\n\t\t<div class=\"elementor-element elementor-element-838adcd e-flex e-con-boxed e-con e-child\" data-id=\"838adcd\" data-element_type=\"container\">\n\t\t\t\t\t<div class=\"e-con-inner\">\n\t\t\t\t<div class=\"elementor-element elementor-element-d1199a9 elementor-invisible elementor-widget elementor-widget-heading\" data-id=\"d1199a9\" data-element_type=\"widget\" data-settings=\"{&quot;_animation&quot;:&quot;fadeInUp&quot;}\" data-widget_type=\"heading.default\">\n\t\t\t\t<div class=\"elementor-widget-container\">\n\t\t\t<h2 class=\"elementor-heading-title elementor-size-default\">Vive la tranquilidad en nuestros espacios y atracciones \u00fanicas, para compartir<\/h2>\t\t<\/div>\n\t\t\t\t<\/div>\n\t\t\t\t<div class=\"elementor-element elementor-element-9baf299 elementor-invisible elementor-widget elementor-widget-heading\" data-id=\"9baf299\" data-element_type=\"widget\" data-settings=\"{&quot;_animation&quot;:&quot;fadeInUp&quot;}\" data-widget_type=\"heading.default\">\n\t\t\t\t<div class=\"elementor-widget-container\">\n\t\t\t<h1 class=\"elementor-heading-title elementor-size-default\">naturaleza<\/h1>\t\t<\/div>\n\t\t\t\t<\/div>\n\t\t\t\t<div class=\"elementor-element elementor-element-ef53914 elementor-align-center elementor-widget__width-auto elementor-invisible elementor-widget elementor-widget-button\" data-id=\"ef53914\" data-element_type=\"widget\" data-settings=\"{&quot;_animation&quot;:&quot;fadeInUp&quot;}\" data-widget_type=\"button.default\">\n\t\t\t\t<div class=\"elementor-widget-container\">\n\t\t\t\t\t<div class=\"elementor-button-wrapper\">\n\t\t\t<a class=\"elementor-button elementor-button-link elementor-size-xs elementor-animation-pulse-grow\" href=\"https:\/\/secuream.e-gds.com\/HotelLagotours\/\" target=\"_blank\" rel=\"nofollow\">\n\t\t\t\t\t\t<span class=\"elementor-button-content-wrapper\">\n\t\t\t\t\t\t\t\t\t<span class=\"elementor-button-text\">RESERVAR<\/span>\n\t\t\t\t\t<\/span>\n\t\t\t\t\t<\/a>\n\t\t<\/div>\n\t\t\t\t<\/div>\n\t\t\t\t<\/div>\n\t\t\t\t\t<\/div>\n\t\t\t\t<\/div>\n\t\t\t\t<\/div>\n\t\t\t\t<\/div>\n\t\t","protected":false},"excerpt":{"rendered":"<p>Conoce nuestros planes de Alojamiento Plan Americano \u00a1Ven y disfruta de nuestro completo Plan Americano en el Hotel Lagotours!Se ingresa [&hellip;]<\/p>\n","protected":false},"author":1,"featured_media":0,"parent":0,"menu_order":0,"comment_status":"closed","ping_status":"closed","template":"","meta":{"site-sidebar-layout":"no-sidebar","site-content-layout":"","ast-site-content-layout":"full-width-container","site-content-style":"default","site-sidebar-style":"default","ast-global-header-display":"","ast-banner-title-visibility":"","ast-main-header-display":"","ast-hfb-above-header-display":"","ast-hfb-below-header-display":"","ast-hfb-mobile-header-display":"","site-post-title":"disabled","ast-breadcrumbs-content":"","ast-featured-img":"disabled","footer-sml-layout":"","theme-transparent-header-meta":"","adv-header-id-meta":"","stick-header-meta":"","header-above-stick-meta":"","header-main-stick-meta":"","header-below-stick-meta":"","astra-migrate-meta-layouts":"default","ast-page-background-enabled":"default","ast-page-background-meta":{"desktop":{"background-color":"var(--ast-global-color-4)","background-image":"","background-repeat":"repeat","background-position":"center center","background-size":"auto","background-attachment":"scroll","background-type":"","background-media":"","overlay-type":"","overlay-color":"","overlay-opacity":"","overlay-gradient":""},"tablet":{"background-color":"","background-image":"","background-repeat":"repeat","background-position":"center center","background-size":"auto","background-attachment":"scroll","background-type":"","background-media":"","overlay-type":"","overlay-color":"","overlay-opacity":"","overlay-gradient":""},"mobile":{"background-color":"","background-image":"","background-repeat":"repeat","background-position":"center center","background-size":"auto","background-attachment":"scroll","background-type":"","background-media":"","overlay-type":"","overlay-color":"","overlay-opacity":"","overlay-gradient":""}},"ast-content-background-meta":{"desktop":{"background-color":"var(--ast-global-color-5)","background-image":"","background-repeat":"repeat","background-position":"center center","background-size":"auto","background-attachment":"scroll","background-type":"","background-media":"","overlay-type":"","overlay-color":"","overlay-opacity":"","overlay-gradient":""},"tablet":{"background-color":"var(--ast-global-color-5)","background-image":"","background-repeat":"repeat","background-position":"center center","background-size":"auto","background-attachment":"scroll","background-type":"","background-media":"","overlay-type":"","overlay-color":"","overlay-opacity":"","overlay-gradient":""},"mobile":{"background-color":"var(--ast-global-color-5)","background-image":"","background-repeat":"repeat","background-position":"center center","background-size":"auto","background-attachment":"scroll","background-type":"","background-media":"","overlay-type":"","overlay-color":"","overlay-opacity":"","overlay-gradient":""}},"footnotes":""},"class_list":["post-568","page","type-page","status-publish","hentry"],"_links":{"self":[{"href":"https:\/\/hotellagotours.com.co\/2024\/wp-json\/wp\/v2\/pages\/568"}],"collection":[{"href":"https:\/\/hotellagotours.com.co\/2024\/wp-json\/wp\/v2\/pages"}],"about":[{"href":"https:\/\/hotellagotours.com.co\/2024\/wp-json\/wp\/v2\/types\/page"}],"author":[{"embeddable":true,"href":"https:\/\/hotellagotours.com.co\/2024\/wp-json\/wp\/v2\/users\/1"}],"replies":[{"embeddable":true,"href":"https:\/\/hotellagotours.com.co\/2024\/wp-json\/wp\/v2\/comments?post=568"}],"version-history":[{"count":55,"href":"https:\/\/hotellagotours.com.co\/2024\/wp-json\/wp\/v2\/pages\/568\/revisions"}],"predecessor-version":[{"id":627,"href":"https:\/\/hotellagotours.com.co\/2024\/wp-json\/wp\/v2\/pages\/568\/revisions\/627"}],"wp:attachment":[{"href":"https:\/\/hotellagotours.com.co\/2024\/wp-json\/wp\/v2\/media?parent=568"}],"curies":[{"name":"wp","href":"https:\/\/api.w.org\/{rel}","templated":true}]}}